is divided by 253.
250
What is the remainder when 49 is divided by 27?
22
What is the remainder when 1203 is divided by 239?
8
Calculate the remainder when 876 is divided by 11.
7
Calculate the remainder when 146 is divided by 73.
0
Calculate the remainder when 1757 is divided by 16.
13
Calculate the remainder when 422 is divided by 109.
95
Calculate the remainder when 14 is divided by 5.
4
Calculate the remainder when 203 is divided by 93.
17
What is the remainder when 959 is divided by 40?
39
Calculate the remainder when 208 is divided by 7.
5
What is the remainder when 12787 is divided by 23?
22
What is the remainder when 193 is divided by 91?
11
Calculate the remainder when 163 is divided by 11.
9
Calculate the remainder when 1215 is divided by 9.
0
What is the remainder when 4250 is divided by 2118?
14
What is the remainder when 1078 is divided by 9?
7
What is the remainder when 14235 is divided by 23?
21
Calculate the remainder when 243 is divided by 41.
38
What is the remainder when 93 is divided by 24?
21
What is the remainder when 2694 is divided by 25?
19
Calculate the remainder when 188 is divided by 88.
12
What is the remainder when 269 is divided by 9?
8
Calculate the remainder when 913 is divided by 5.
3
Calculate the remainder when 3476 is divided by 19.
18
What is the remainder when 109 is divided by 39?
31
Calculate the remainder when 879 is divided by 55.
54
Calculate the remainder when 958 is divided by 45.
13
What is the remainder when 42 is divided by 12?
6
Calculate the remainder when 417 is divided by 85.
77
Calculate the remainder when 443 is divided by 42.
23
What is the remainder when 331 is divided by 67?
63
What is the remainder when 6522 is divided by 25?
22
What is the remainder when 6675 is divided by 18?
15
What is the remainder when 50 is divided by 14?
8
Calculate the remainder when 2518 is divided by 24.
22
Calculate the remainder when 107 is divided by 15.
2
Calculate the remainder when 1748 is divided by 624.
500
Calculate the remainder when 787 is divided by 84.
31
Calculate the remainder when 1169 is divided by 51.
47
What is the remainder when 5297 is divided by 29?
19
Calculate the remainder when 293 is divided by 113.
67
What is the remainder when 469 is divided by 117?
1
What is the remainder when 675 is divided by 49?
38
What is the remainder when 232 is divided by 35?
22
What is the remainder when 487 is divided by 7?
4
Calculate the remainder when 1801 is divided by 599.
4
Calculate the remainder when 2481 is divided by 46.
43
What is the remainder when 6029 is divided by 58?
55
Calculate the remainder when 65 is divided by 32.
1
Calculate the remainder when 2663 is divided by 664.
7
What is the remainder when 217 is divided by 134?
83
What is the remainder when 597 is divided by 245?
107
Calculate the remainder when 288 is divided by 92.
12
What is the remainder when 8 is divided by 7?
1
What is the remainder when 2557 is divided by 20?
17
Calculate the remainder when 93 is divided by 8.
5
Calculate the remainder when 4377 is divided by 13.
9
What is the remainder when 450 is divided by 104?
34
Calculate the remainder when 205 is divided by 42.
37
What is the remainder when 204 is divided by 69?
66
Calculate the remainder when 1072 is divided by 150.
22
What is the remainder when 17897 is divided by 57?
56
Calculate the remainder when 557 is divided by 35.
32
What is the remainder when 121 is divided by 114?
7
Calculate the remainder when 150 is divided by 22.
18
What is the remainder when 209 is divided by 31?
23
Calculate the remainder when 102 is divided by 33.
3
Calculate the remainder when 196 is divided by 166.
30
What is the remainder when 29 is divided by 13?
3
Calculate the remainder when 59 is divided by 30.
29
Calculate the remainder when 247 is divided by 90.
67
What is the remainder when 68 is divided by 8?
4
Calculate the remainder when 167 is divided by 56.
55
Calculate the remainder when 172 is divided by 38.
20
Calculate the remainder when 17735 is divided by 181.
178
Calculate the remainder when 568 is divided by 64.
56
Calculate the remainder when 959 is divided by 260.
179
Calculate the remainder when 1507 is divided by 24.
19
Calculate the remainder when 313 is divided by 14.
5
Calculate the remainder when 845 is divided by 15.
5
What is the remainder when 276 is divided by 115?
46
What is the remainder when 1436 is divided by 103?
97
Calculate the remainder when 438 is divided by 26.
22
Calculate the remainder when 883 is divided by 45.
28
What is the remainder when 102 is divided by 21?
18
What is the remainder when 1276 is divided by 165?
121
What is the remainder when 141 is divided by 46?
3
What is the remainder when 4976 is divided by 5?
1
What is the remainder when 218 is divided by 16?
10
What is the remainder when 319 is divided by 56?
39
What is the remainder when 112 is divided by 31?
19
Calculate the remainder when 248 is divided by 67.
47
Calculate the remainder when 397 is divided by 37.
27
What is the remainder when 81 is divided by 25?
6
What is the remainder when 227 is divided by 26?
19
Calculate the remainder when 740 is divided by 110.
80
What is the remainder when 231 is divided by 31?
14
What is the remainder when 1770 is divided by 27?
15
Calculate the remainder when 845 is divided by 74.
31
What is the remainder when 10950 is divided by 521?
9
What is the remainder when 101 is divided by 18?
11
What is the remainder when 223 is divided by 76?
71
What is the remainder when 748 is divided by 47?
43
Calculate the remainder when 58 is divided by 35.
23
What is the remainder when 390 is divided by 66?
60
What is the remainder when 515 is divided by 74?
71
What is the remainder when 192 is divided by 135?
57
What is the remainder when 64 is divided by 6?
4
Calculate the remainder when 609 is divided by 203.
0
Calculate the remainder when 644 is divided by 235.
174
Calculate the remainder when 72 is divided by 37.
35
Calculate the remainder when 750 is divided by 9.
3
Calculate the remainder when 349 is divided by 66.
19
Calculate the remainder when 68 is divided by 7.
5
Calculate the remainder when 203 is divided by 42.
35
What is the remainder when 413 is divided by 69?
68
Calculate the remainder when 123 is divided by 71.
52
What is the remainder when 290 is divided by 230?
60
What is the remainder when 437 is divided by 110?
107
Calculate the remainder when 621 is divided by 63.
54
What is the remainder when 613 is divided by 77?
74
What is the remainder when 185 is divided by 48?
41
What is the remainder when 111 is divided by 19?
16
Calculate the remainder when 100 is divided by 13.
9
What is the remainder when 74 is divided by 44?
30
Calculate the remainder when 1676 is divided by 28.
24
What is the remainder when 330 is divided by 84?
78
Calculate the remainder when 3310 is divided by 18.
16
Calculate the remainder when 168 is divided by 13.
12
Calculate the remainder when 683 is divided by 18.
17
What is the remainder when 2243 is divided by 4?
3
Calculate the remainder when 637 is divided by 204.
25
What is the remainder when 556 is divided by 43?
40
What is the remainder when 6760 is divided by 138?
136
Calculate the remainder when 768 is divided by 256.
0
Calculate the remainder when 1596 is divided by 20.
16
What is the remainder when 583 is divided by 242?
99
Calculate the remainder when 126 is divided by 81.
45
Calculate the remainder when 529 is divided by 28.
25
What is the remainder when 17494 is divided by 72?
70
What is the remainder when 1415 is divided by 26?
11
What is the remainder when 1468 is divided by 10?
8
Calculate the remainder when 328 is divided by 11.
9
Calculate the remainder when 310 is divided by 35.
30
Calculate the remainder when 190 is divided by 17.
3
What is the remainder when 250 is divided by 63?
61
Calculate the remainder when 220 is divided by 59.
43
What is the remainder when 43 is divided by 24?
19
What is the remainder when 2001 is divided by 34?
29
What is the remainder when 181 is divided by 57?
10
Calculate the remainder when 70 is divided by 7.
0
What is the remainder when 9014 is divided by 4?
2
What is the remainder when 1010 is divided by 146?
134
What is the remainder when 436 is divided by 107?
8
C